+ 16 - 8*h**2 - 2*h - h**3 + 8 - 5*h**2. Let v be f(-13). Suppose c = 5*u + v, c - 4*u - 74 = -c. What is the tens digit of c?
2
Let h(x) be the second derivative of -x**5/5 + x**4/12 - 23*x**3/6 - 22*x**2 - 176*x. What is the hundreds digit of h(-6)?
9
Suppose -4*r + 4*j + 864 = 0, 2*r - r - 4*j - 204 = 0. Let n = r + -451. Let m = -127 - n. What is the tens digit of m?
0
Let x = -359 - -368. Suppose -4*a + 4*b = -1740, -4*a + x*a - b = 2171. What is the hundreds digit of a?
4
Suppose -8*v = 14*v - 14256. Suppose -3*u + 4*u - 5*l - v = 0, -4*l = -u + 646. What is the units digit of u?
8
Let c = -14583 + 24933. What is the thousands digit of c?
0
Let v = -50888 + 126562. What is the thousands digit of v?
5
Let b(r) = -52*r + 3. Let p = 164 - 169. What is the tens digit of b(p)?
6
Suppose 123*b = -9*b + 892137 + 130071. What is the hundreds digit of b?
7
Let c(n) = -n**3 + 30*n**2 + 18*n - 97. What is the thousands digit of c(29)?
1
Let c(g) be the second derivative of -g**4/12 - 3*g**3 - 59*g**2/2 + g - 2. What is the units digit of c(-9)?
2
Let t(l) = 9404*l + 14891. What is the thousands digit of t(7)?
0
Let p(v) = -2629*v + 11. Let b be p(-1). Suppose -r + b = 5*f - 6*r, -4*r - 1060 = -2*f. What is the tens digit of f?
2
Suppose 6 = -3*w, 2*w = -4*b + 19962 + 28886. What is the hundreds digit of b?
2
Let x(b) = 6*b - 16. Let q be x(3). Let n be 1/(q/(-4)) + -29. Let r = n - -121. What is the tens digit of r?
9
Let g = -422 + 97. Let i = g + 1018. What is the units digit of i?
3
Suppose -5*y = 2*m - 20358 - 13049, -12 = 3*m. What is the hundreds digit of y?
6
Let s(b) = 10*b - 15. Suppose -v = -4*v - 4*a + 47, -5*v + 83 = 2*a. Let o = -7 + v. What is the units digit of s(o)?
5
Suppose 6*y - 18 = 6. Suppose -n - 171 = -y*n. What is the units digit of n?
7
Suppose 743 = -2*z + 3741. Suppose 0 = 3*t + 4*s - z, -10*t + 5*t - 2*s + 2489 = 0. What is the units digit of t?
7
What is the ten thousands digit of (0 - -16582)*(-79 + 72 - (-9 - -1))?
1
Suppose 4*j - 4*y - 156364 = 0, -j + 39067 = 119*y - 123*y. What is the hundreds digit of j?
0
Suppose -2*r = 3*b - 86117, 294*r - 297*r + 4*b + 129099 = 0. What is the ten thousands digit of r?
4
Let u(r) = -12*r**3 - r**2 + 3*r + 3. Let l = -20 - -24. Suppose -3*y + 2*b = 8, 3*y + 3 = b - l. What is the tens digit of u(y)?
8
Let b be -4*((-14)/(-42) + (-10)/12). Let m(u) be the second derivative of 29*u**4/12 - u**2/2 + 4*u. What is the hundreds digit of m(b)?
1
Let o(g) = 4 + 8*g + 25*g - 4*g**2 + 7 - 8. What is the units digit of o(8)?
1
Suppose -4*y - 6311 = 3*k, y - 3157 = 3*y + k. What is the units digit of y/(-22) - (-22)/121?
2
Let s be 5/(30/56)*48. Let b = -1384 - -1144. Let p = s + b. What is the hundreds digit of p?
2
Suppose -4*m = -2*r - 2*r + 2788, 5*r + m = 3503. Let n = r + -406. Suppose 4*o = 2*c + n, 4*c + 360 = 5*o - 0*c. What is the units digit of o?
6
Suppose 38 = 3*w - 5*h + 7, 0 = 5*w + 2*h. What is the tens digit of (1179/(-12))/(w/(-16)) + 4?
9
Suppose -2*s + 282576 = -188*p + 193*p, -p + 4*s + 56502 = 0. What is the tens digit of p?
1
Let t(k) = -6*k + 3111. What is the hundreds digit of t(-110)?
7
Suppose -8 + 28 = -4*n, -4*f = -3*n + 181. Let m = -40 - f. Suppose 185 = -4*i + m*i. What is the units digit of i?
7
Suppose -13*m = -2*v - 10*m + 90663, -5*m = -2*v + 90657. What is the thousands digit of v?
5
Let f(z) = -z + 18. Let a(h) = 2*h**2 - 22*h - 14. Let r be a(12). Let t be f(r). Suppose t*g = 2*g + 228. What is the units digit of g?
8
Suppose -l - 946 = -3*i, 2*i + 37 = 4*l + 671. Suppose i*j - 3210 = 313*j. What is the thousands digit of j?
1
Let u = 125 + -55. Suppose 0 = -5*i - 50 - u. Let y = 30 + i. What is the units digit of y?
6
Let y(l) = -666*l - 343. What is the hundreds digit of y(-8)?
9
Let o(d) = -d**2 + 10*d - 18. Let b be o(7). Suppose 527 = b*k - 367. Suppose -94 = 3*t - k. What is the tens digit of t?
6
Let j(w) be the third derivative of w**5/20 - w**4/8 - 7*w**3/3 - 8*w**2 - 5. Suppose -c + f = 8, -f + 4*f + 6 = -3*c. What is the tens digit of j(c)?
7
Let z(y) = y**2 - 7*y - 57. Let q be z(12). Suppose q*m = 4*o + 148, 0 = 2*m - 3*m + o + 50. What is the tens digit of m?
5
Let u(s) = 2*s**3 - 5*s**2 - 2*s - 19. Let l(h) = 15*h + 52. Let b be l(-3). What is the hundreds digit of u(b)?
4
Let u(j) = -j**2 - 3*j + 19. Let b be u(2). Suppose 2*d = 1 + b, 5*d = -2*z + 1457. What is the tens digit of z?
1
Let n(h) = -10*h**3 + h. Let a be n(1). Let v(s) = -2*s - 31. Let w be v(a). Let g = 47 + w. What is the tens digit of g?
3
Let l(b) = -b**2 - b + 5. Let k be l(26). Let r = 1015 + k. What is the hundreds digit of r?
3
Suppose 2*f - 66099 - 46177 = -3*m, -2*m + 74854 = -2*f. What is the hundreds digit of m?
4
Let s(p) = -69*p**3 - p**2 + p + 1. Let b be s(-1). Let u be (-9 + 8)*(-12)/4*1. Suppose 8 - b = -u*c. What is the tens digit of c?
2
Let k = 40910 - 18494. What is the units digit of k?
6
Suppose -4*r + 2*o + 244 = -52, o = -r + 74. Suppose 4*w + r = 5*f - 31, 3*f + 2*w = 63. Let c = f - -17. What is the tens digit of c?
3
Let f = 127 - 59. Let p = 387 + -191. Suppose 3*i + k = -0*k + p, -k = -i + f. What is the units digit of i?
6
Let j(a) = 9*a**3 + 7*a**2 + 16*a + 22. Let h be j(-5). Let v = h + 1481. What is the tens digit of v?
7
Let j(m) = -287*m + 4. Let l be j(-1). Suppose 0 = -19*z + l + 89. What is the units digit of z?
0
Let p = -471 - -471. Suppose 12*b - 1876 - 8000 = p. What is the units digit of b?
3
Suppose 4*x - m - 14 = 0, 0*x + 4*m - 4 = -4*x. Suppose -5*y + 987 = x*j - 2*y, -3*y + 335 = j. What is the tens digit of j?
2
Let m(b) = -b**3 - 7*b**2 - 13*b - 3. Let o be -3 - (3 - (4 - (1 + 2))). Let z be m(o). What is the tens digit of (-4630)/(-60) - 2/z?
7
Let r be 12/16 - 6/8 - -2. Suppose -r*s + 109 = z - 83, 3*z = 5*s + 565. What is the hundreds digit of z?
1
Suppose b + 2 = 7, 4*h = 3*b + 377. Let d = 364 - h. What is the units digit of d?
6
Suppose 0 = 7*r - 4*r - 678. Suppose r = 2*t + 238. Let g(s) = 2*s**3 + 15*s**2 + 8*s + 11. What is the tens digit of g(t)?
7
Suppose 3*f - 136 + 4 = 0. Let k be ((-11)/f + (-2)/(-8))/2. Suppose k = -12*w + 10*w + 18. What is the units digit of w?
9
Let n = 33630 - 7097. What is the hundreds digit of n?
5
Let f(u) = 3*u + 17. Let s be f(-8). What is the hundreds digit of 772 - (-4 + s + 5)?
7
Suppose -3*d - 26427 = -7*d - 5*m, 4*m + 13194 = 2*d. What is the units digit of d?
3
Let j(q) be the third derivative of -13*q**5/15 - q**4/8 - q**3/2 + 9*q**2. Let u be j(-1). What is the units digit of 5 - u/(-12) - 428/(-6)?
2
Suppose 0 = -2*v - v - 3. Let p be (9 - v)*11/22. Suppose 3*a - 177 = -h + 4*h, 5*h - 285 = -p*a. What is the units digit of a?
8
Let t(n) be the first derivative of -n**4/4 + 26*n**3/3 + 33*n**2/2 - n - 94. What is the tens digit of t(27)?
6
Suppose -3*i - 55*d + 45530 = -54*d, -i + 3*d + 15180 = 0. What is the units digit of i?
7
Let b(n) = 91*n**2 + 3*n + 4. Let j(u) = 88*u**2 + 3*u + 4. Let x(r) = -5*b(r) + 6*j(r). What is the units digit of x(-4)?
0
Suppose -2*f - 5*z = 30, f + 4*f - z + 48 = 0. Let w be (42/15 - 3) + (-62)/f. Suppose 12*d - w*d = 810. What is the hundreds digit of d?
1
Suppose 1498738 = 395*t - 2967527. What is the thousands digit of t?
1
Let v(q) = 3*q**2 + 6*q - 18. Let r(p) = 11*p**3 + 3*p**2 - 2*p - 5. Let m be r(2). Let u = -85 + m. What is the tens digit of v(u)?
2
Suppose 584475 + 587354 = 104*q + 23*q. What is the tens digit of q?
2
Let t = -690 + 685. What is the thousands digit of (t/(220/(-5357)))/(1/12)?
1
Let l(g) = 1633*g + 88. What is the units digit of l(4)?
0
Suppose 3*o - 272 = o. Suppose o = 2*l + 4*p, -l + 4*l + 4*p - 194 = 0. Suppose -5*y + 17 = j - 61, -j + l = -5*y. What is the units digit of j?
8
Let m = -16633 + 33937. What is the tens digit of m?
0
Let p(t) = 25*t - 4. Let k(y) = 19*y + 6 - 1 - 14*y. Let r be k(0). What is the units digit of p(r)?
1
Let u(g) = 23*g**3 + 3*g**2 - 9*g + 8. Let y be u(5). Suppose 2*z = -5*j + 8315 - y, -z + 1081 = j. What is the thousands digit of j?
1
Suppose -78 = u - 210. Suppose 0*j - 5*j - 2*a - u = 0, 3*j + 5*a = -64. Let q = 43 + j. What is the tens digit of q?
1
Suppose 7*x - 7467 - 10691 = 0. Let b = x - 1736. What is the units digit of b?
8
Let b = 299 + -167. Suppose 2*k + 0*n + 4*n 